{"id":8968,"date":"2022-06-27T20:21:34","date_gmt":"2022-06-27T20:21:34","guid":{"rendered":"https:\/\/jafestival.com\/protagonista\/ernesto-sevilla\/"},"modified":"2023-08-28T09:31:35","modified_gmt":"2023-08-28T09:31:35","slug":"ernesto-sevilla","status":"publish","type":"protagonista","link":"https:\/\/jafestival.com\/en\/participant\/ernesto-sevilla\/","title":{"rendered":"Ernesto Sevilla"},"content":{"rendered":"<p>(Albacete, 1978) Comedian, actor, scriptwriter and director. Among many other works, Joaqu\u00edn Reyes&#8217; partner in <em>Muchachada Nui<\/em>, <em>La hora chanante<\/em> and <em>Museo Coconut<\/em> and <em>Cap\u00edtulo 0<\/em> series. An actor in <em>La que se avecina<\/em> and <em>Qu\u00e9 vida m\u00e1s triste<\/em>. He has directed short films, <em>C\u00e1mera caf\u00e9, la pel\u00edcula<\/em> (2022) and is co-scriptwriter and co-director of the animated series <em>Pobre diablo<\/em>, also from 2022.<\/p>\n<p>Photo \u00a9 David Herranz<\/p>\n","protected":false},"featured_media":8965,"template":"","meta":{"_et_pb_use_builder":"","_et_pb_old_content":"","_et_gb_content_width":""},"edicion":[660,679],"class_list":["post-8968","protagonista","type-protagonista","status-publish","has-post-thumbnail","hentry","edicion-2016-en","edicion-679"],"_links":{"self":[{"href":"https:\/\/jafestival.com\/en\/wp-json\/wp\/v2\/protagonista\/8968","targetHints":{"allow":["GET"]}}],"collection":[{"href":"https:\/\/jafestival.com\/en\/wp-json\/wp\/v2\/protagonista"}],"about":[{"href":"https:\/\/jafestival.com\/en\/wp-json\/wp\/v2\/types\/protagonista"}],"version-history":[{"count":0,"href":"https:\/\/jafestival.com\/en\/wp-json\/wp\/v2\/protagonista\/8968\/revisions"}],"wp:featuredmedia":[{"embeddable":true,"href":"https:\/\/jafestival.com\/en\/wp-json\/wp\/v2\/media\/8965"}],"wp:attachment":[{"href":"https:\/\/jafestival.com\/en\/wp-json\/wp\/v2\/media?parent=8968"}],"wp:term":[{"taxonomy":"edicion","embeddable":true,"href":"https:\/\/jafestival.com\/en\/wp-json\/wp\/v2\/edicion?post=8968"}],"curies":[{"name":"wp","href":"https:\/\/api.w.org\/{rel}","templated":true}]}}

<p>(Albacete, 1978) Comedian, actor, scriptwriter and director. Among many other works, Joaquín Reyes&#8217; partner in <em>Muchachada Nui</em>, <em>La hora chanante</em> and <em>Museo Coconut</em> and <em>Capítulo 0</em> series. An actor in <em>La que se avecina</em> and <em>Qué vida más triste</em>. He has directed short films, <em>Cámera café, la película</em> (2022) and is co-scriptwriter and co-director of the animated series <em>Pobre diablo</em>, also from 2022.</p>
<p>Photo © David Herranz</p>
