{"id":5502,"date":"2023-05-04T12:16:21","date_gmt":"2023-05-04T10:16:21","guid":{"rendered":"https:\/\/jafestival.com\/protagonista\/javier-cansado\/"},"modified":"2025-08-05T12:13:42","modified_gmt":"2025-08-05T10:13:42","slug":"javier-cansado","status":"publish","type":"protagonista","link":"https:\/\/jafestival.com\/eu\/protagonista\/javier-cansado\/","title":{"rendered":"Javier Cansado"},"content":{"rendered":"<p>Javier Cansado\u00a0(Madril, 1955), Faemino y Cansado bikote komikoko kidea, Espainiako umorista nagusietako bat da. Hainbat telebista-programatan, podcast-etan eta irratian dihardu lankidetzan. Nabarmentzekoak dira, besteak beste, \u2018Ilustres Ignorantes\u2019 programan Javier Coronas-ekin eta Pepe Colubi-rekin parte hartzen eman duen denbora luzea eta \u2019Todopoderosos\u2019 eta \u2018Aqu\u00ed hay dragones\u2019 programetan\u00a0Rodrigo Cort\u00e9s, Arturo Gonz\u00e1lez-Campos eta Juan G\u00f3mez-Juradorekin izan duen parte-hartzea. Era berean, Cadena SERen Javier del Pinoren \u2018A vivir que son dos d\u00edas\u2019 programan parte hartzen du. Aktore-lanetan, Espainiako zenbait film eta serietan parte hartu du, horien artean daude \u2018Airbag\u2019, \u2018Torrente\u2019 eta \u2018El fin de la comedia\u2019.<\/p>\n","protected":false},"featured_media":12287,"template":"","meta":{"_et_pb_use_builder":"","_et_pb_old_content":"","_et_gb_content_width":""},"edicion":[668,647],"class_list":["post-5502","protagonista","type-protagonista","status-publish","has-post-thumbnail","hentry","edicion-2018-eu","edicion-2022-eu"],"_links":{"self":[{"href":"https:\/\/jafestival.com\/eu\/wp-json\/wp\/v2\/protagonista\/5502","targetHints":{"allow":["GET"]}}],"collection":[{"href":"https:\/\/jafestival.com\/eu\/wp-json\/wp\/v2\/protagonista"}],"about":[{"href":"https:\/\/jafestival.com\/eu\/wp-json\/wp\/v2\/types\/protagonista"}],"version-history":[{"count":1,"href":"https:\/\/jafestival.com\/eu\/wp-json\/wp\/v2\/protagonista\/5502\/revisions"}],"predecessor-version":[{"id":12290,"href":"https:\/\/jafestival.com\/eu\/wp-json\/wp\/v2\/protagonista\/5502\/revisions\/12290"}],"wp:featuredmedia":[{"embeddable":true,"href":"https:\/\/jafestival.com\/eu\/wp-json\/wp\/v2\/media\/12287"}],"wp:attachment":[{"href":"https:\/\/jafestival.com\/eu\/wp-json\/wp\/v2\/media?parent=5502"}],"wp:term":[{"taxonomy":"edicion","embeddable":true,"href":"https:\/\/jafestival.com\/eu\/wp-json\/wp\/v2\/edicion?post=5502"}],"curies":[{"name":"wp","href":"https:\/\/api.w.org\/{rel}","templated":true}]}}

<p>Javier Cansado (Madril, 1955), Faemino y Cansado bikote komikoko kidea, Espainiako umorista nagusietako bat da. Hainbat telebista-programatan, podcast-etan eta irratian dihardu lankidetzan. Nabarmentzekoak dira, besteak beste, ‘Ilustres Ignorantes’ programan Javier Coronas-ekin eta Pepe Colubi-rekin parte hartzen eman duen denbora luzea eta ’Todopoderosos’ eta ‘Aquí hay dragones’ programetan Rodrigo Cortés, Arturo González-Campos eta Juan Gómez-Juradorekin izan duen parte-hartzea. Era berean, Cadena SERen Javier del Pinoren ‘A vivir que son dos días’ programan parte hartzen du. Aktore-lanetan, Espainiako zenbait film eta serietan parte hartu du, horien artean daude ‘Airbag’, ‘Torrente’ eta ‘El fin de la comedia’.</p>
